pose -3*k - 5*r - 510 = -6*k, 4*r = -5*k + v. Let a = k + 10. What is the tens digit of a?
8
Let z be (15/(-6))/((-8)/2880). Let q be z/21*14/(-2). Let m = q - -424. What is the units digit of m?
4
Suppose 24*u - 13*u = 7271. Suppose -u = 12*m - 13*m. What is the hundreds digit of m?
6
Suppose 4*s + i - 24 = 0, -5*i = s - 3 - 22. Suppose 6 = 3*t, 5*o + 0*t + s*t - 2290 = 0. What is the hundreds digit of o?
4
Let j(g) = -21*g + 132. Let s be j(5). Let b(n) = n**2 + 7*n - 1. Let z be b(-6). Let t = s + z. What is the units digit of t?
0
Let g be 441/15 - (-3)/5. Let m be (-396)/14 + g/105. Let u = -22 - m. What is the units digit of u?
6
Suppose 3*w - 3401 = z, 0 = 3*z + 20 - 5. Let q = w + -668. What is the units digit of q?
4
Let h = -469 - -479. What is the hundreds digit of 1098/h + (-3 + -5)/(-40)?
1
Let o be ((-8)/3)/((-20)/270). Let t be 52/20 - (o/(-15) + 2). What is the units digit of (3 - (-1 + 10))*(t + -4)?
6
Suppose 4*m - 95056 = -i, 2*m = -40*i + 45*i - 475368. What is the thousands digit of i?
5
Let b(p) = 8553*p + 2156. What is the hundreds digit of b(5)?
9
Let r(k) = -2*k**3 + 2*k**2 - 7*k - 3. Let g be r(-5). Let u = 647 - g. Suppose 2*i + 3*i - u = 0. What is the units digit of i?
3
Suppose -41*u = -37*u - 12. Suppose 5*q - 25 = 0, -5*q + 3909 = u*i - 8*q. What is the tens digit of i?
0
Suppose -2*c = 3*c + 10, -4*c + 7 = 3*t. Let o be -5*4/(-50) + (-17)/t. What is the tens digit of o/5 - (-4680)/50?
9
Suppose 4564 = 6*q - 4185 + 2935. What is the hundreds digit of q?
9
Let h(a) = -8*a - 67. Let t be h(-9). Suppose 10*w - 1045 = t*w. What is the hundreds digit of w?
2
Let f be 27/(-45) + 106/10. Let s be (1 - 9)*((-65)/f - -6). Suppose 3*c - n = 245, -4*n = s*c + n - 295. What is the units digit of c?
0
Let q = 2552 - -240. Suppose 0 = -23*s - q + 18593. What is the tens digit of s?
8
Suppose -37192 = 4*j - 19*j + 52808. What is the thousands digit of j?
6
Suppose -2*v = 4*g - 0*v + 6806, v + 8503 = -5*g. Let b = g - -3200. What is the hundreds digit of b?
5
Let n(g) = -673*g - 1212. What is the tens digit of n(-55)?
0
Suppose 70*b = 1962558 + 1650282. What is the units digit of b?
2
What is the hundreds digit of (18/8)/((-32850)/32856 - -1)?
3
Suppose -2*i + 148211 = 5*c, -3*i = 4*c - 38574 - 79985. What is the ten thousands digit of c?
2
Let z(w) = 2*w**2 - 5*w - 6. Let r be (-30)/(-9)*(-9)/(-6). Suppose 2*u + r - 15 = 0. What is the tens digit of z(u)?
1
Suppose 0 = -4*y - 5*u - 9, -2*y - 3*u + 2*u + 3 = 0. Suppose -y*l + 18 + 18 = 0. Suppose -4*f + 5*m = -2*f - 57, -f - 5*m - l = 0. What is the tens digit of f?
1
Let k(p) = -p**3 - 17*p**2 - p - 15. Let v be ((-4)/(-12))/(4/(-204)). Let q be k(v). Let t(s) = s**3 - s**2 + 5*s - 5. What is the units digit of t(q)?
9
Let q = 867 - 505. Let b = 282 + q. What is the hundreds digit of b?
6
Suppose -b - 14 = 5. Let u(n) = n**3 + 20*n**2 + 19*n + 9. Let p be u(b). Suppose -174 = p*z - 624. What is the tens digit of z?
5
Let h(q) = 8118*q + 61. What is the thousands digit of h(1)?
8
Let h = 473 - 401. Suppose -5412 = -4*p - 4*b, 74*b = h*b + 2. What is the tens digit of p?
5
Suppose 0 = -4*n - 8 + 20. Suppose 63 = n*r + 5*s, s + 29 = -0*r + 2*r. Let x = r - -31. What is the tens digit of x?
4
Suppose 0 = -48*y + 429633 + 292527. What is the ten thousands digit of y?
1
Let v(x) = -9*x - 337. Let b(k) = 5*k + 168. Let h(o) = -5*b(o) - 3*v(o). What is the units digit of h(-28)?
5
Suppose -15*r = -3*r + 17*r. Suppose l - 4*q - 24 = r, 4*q + 19 + 37 = 3*l. What is the tens digit of l?
1
Let w = 78 - 108. Let m be 440/w*(-42)/4. Let p = 63 + m. What is the tens digit of p?
1
Let q(r) = 9*r**3 + 44*r + 16. What is the hundreds digit of q(8)?
9
Let j be 1 + 0 + 1 + 0. Let d = 14339 + -13512. Suppose d - 269 = j*s. What is the hundreds digit of s?
2
Let s(h) = -10*h - 7 + 6 - h**2 + 8. Let w be s(-17). Let z = w - -192. What is the units digit of z?
0
Let i(b) = -b**3 - 5*b**2 + 18*b - 11. Let m be i(-10). What is the units digit of (-2)/(((-2)/m)/((-26)/(-39)))?
6
Let w be (4 - 1)/((-2)/(-526)). Let i = w - 383. What is the units digit of i?
6
Suppose 0 = 4*y - 2*z + 992, 2 = 2*z - 2. Let j = y - -483. What is the units digit of j?
6
Suppose -2*x = 50*o - 54*o - 13900, 3*o - 18 = 0. What is the tens digit of x?
6
Let s(j) = 202*j - 762. What is the units digit of s(10)?
8
Suppose 3*h = -5*p + 32296, 31*h - 34*h + p + 32266 = 0. What is the tens digit of h?
5
Let s(x) = 2*x + 89 + 33*x + x. What is the units digit of s(7)?
1
Let s(l) be the second derivative of 265*l**3/6 - 40*l**2 + 13*l. What is the tens digit of s(5)?
4
Let q = -2537 + 1493. Let u = 2807 + q. What is the tens digit of u?
6
Let g = 4236 + 2352. What is the tens digit of g?
8
Let a = -23831 + 13196. What is the tens digit of (13/(-39))/(5/a)?
0
Let c be ((-161)/14 - -10) + 48114/(-4). What is the tens digit of -1 + 16/14 + c/(-70)?
7
Let r = -1774 + 9943. Suppose -7*q - 189 = -r. What is the hundreds digit of q?
1
Let b(d) = 5*d**3 - 17*d**2 + 135*d - 52. What is the units digit of b(19)?
1
Let g = 34040 - 22917. What is the thousands digit of g?
1
Let t(c) = 392*c**2 + 63*c + 375. What is the tens digit of t(-5)?
6
Let c(t) be the third derivative of 17*t**4/24 - 13*t**3/2 - 8*t**2. What is the tens digit of c(5)?
4
Suppose -3*k + 36510 = 4*k - 40812. What is the thousands digit of k?
1
Let u = -2986 + 1784. Let x = u + 1708. What is the hundreds digit of x?
5
Suppose -55*j - 226756 = 7*j - 66*j. What is the thousands digit of j?
6
Suppose 0 = 5*r - 4086 + 246. What is the units digit of (r/(-60))/(-3 + 312/105)?
8
Let l(s) = 3*s - 63. Let k = 63 + -41. Let x be l(k). Suppose x*p + 0*p = 270. What is the tens digit of p?
9
Let x(i) = 2*i**2 + 52*i + 144. Let m be x(-23). Let y(n) = 3*n**3 - 5*n**2 + 4*n + 30. What is the hundreds digit of y(m)?
5
Suppose -5*o + 3*p = -30, 0*p + 5*p = -25. Suppose -30 = -o*b - 72. What is the tens digit of (-16)/(-56) - 1200/b?
8
Let k = 387 - 381. Suppose -4*w + 1999 = -c, -491 = -w + 8*c - k*c. What is the units digit of w?
1
Let x(h) = 32 + 35 - 55*h - 50. What is the tens digit of x(-4)?
3
Let h = 45571 - -7063. What is the ten thousands digit of h?
5
Let y = 373 - 371. Suppose 0 = x + 2*c - 941, -2813 = -y*x - x + 4*c. What is the tens digit of x?
3
Suppose 14847 + 19181 = 3*a - 5*h, -a - 3*h = -11310. What is the ten thousands digit of a?
1
Let b(u) = 550*u**2 + 2*u + 1. Let o(d) = 2201*d**2 + 9*d + 6. Let h(n) = 9*b(n) - 2*o(n). What is the units digit of h(1)?
5
Let z(c) = 96*c + 1834. What is the thousands digit of z(40)?
5
Let q(v) = v**2 + 8*v - 9. Let n(t) = -2*t**2 - 17*t + 18. Let h(b) = 6*n(b) + 11*q(b). Let o be h(-7). Let s = o + -33. What is the units digit of s?
5
Let y(w) = -23*w**3 - 6*w**2 + 3*w + 2. Let r be y(1). What is the hundreds digit of (-8528)/(-20) + r/60?
4
Suppose 7*q = -13*q - 7420. Let r = q - -507. What is the hundreds digit of r?
1
Let u(d) = d**2 + 2*d + 2. Let h(a) = -6*a**2 - 9*a + 4. Let z(k) = -h(k) - 5*u(k). What is the units digit of z(5)?
6
What is the tens digit of 1218/4*(-7436)/(-66)?
0
Suppose -702060 = -8316*j + 8296*j. What is the hundreds digit of j?
1
Suppose 4*f = 4*l + 3268, l + 823 = -2*f + f. Let w = l - -2055. What is the hundreds digit of w?
2
Suppose -8*f + 0*f + 4264 = 0. Let n = 177 + f. What is the hundreds digit of n?
7
Suppose 4*h + 22*n - 778 = 20*n, -h + 3*n + 184 = 0. Let q = h + 1100. What is the thousands digit of q?
1
Let d(o) = -o - 31. Let w be (-14*2)/((-6)/(-6 - 0)). Let x be d(w). What is the tens digit of 3 + -2 - -92 - x/(-3)?
9
Let a be (-1305)/(-2) + -5 + (-11)/(-2). Let v = -368 + a. What is the hundreds digit of v?
2
What is the units digit of ((1 + 9*-1)*2963)/(178/(-267))?
6
Let c = 135 + -132. Suppose -c*d + 76 = -11. What is the units digit of d?
9
Suppose 2*a - 2*k - 24887 = 35531, 5*a - 3*k - 151041 = 0. What is the hundreds digit of a?
2
Let v = 16504 + -3636. What is the tens digit of v?
6
Suppose -468389 - 1893579 = -56*f. What is the hundreds digit of f?
1
Let y be (35 - 6)/(((-2)/(-4))/(-1)). Let d be (2 - y)*(-1 + (-28)/(-16)). Suppose d + 347 = 14*h. What is the tens digit of h?
2
Let m(d) = -d**3 - 28*d**2 - 61*d + 19. Let c be (8/(-10))/((-1)/(-30)). Let k be ((-24)/9 - 6/(-9)) + c. What